is the units digit of i?
2
Let h = -17 - -17. Suppose h = -10*w + 8*w + 10. What is the units digit of w?
5
What is the tens digit of 10/(-20) + (-50)/(-4)?
1
Let p(w) = 4*w**2 + 2. Suppose -c = -a - 8, 5*c + 2 - 20 = 3*a. Let j(n) = 2*n**2 + 1. Let q(k) = a*j(k) + 6*p(k). What is the units digit of q(2)?
9
Let k be ((-20)/(-7) + -2)*28. Suppose -3*i + k = -3. What is the units digit of i?
9
What is the units digit of 28/6 - 10/15?
4
Let k(w) = -3*w + 3. Let f be k(2). Let t be 15/9 + (-1)/f. What is the units digit of t - (0 - (1 - -2))?
5
Suppose 36 = 2*w - 5*d + 13, 3*d + 67 = 4*w. Let f be (w/2 + -2)*-2. What is the units digit of 2/(-6) - 80/f?
5
Let u(b) = 5*b**2 + 9*b + 48. What is the hundreds digit of u(-7)?
2
Let x = 12 - 2. What is the tens digit of x?
1
Let k(f) = -3 + 8 + 2 + f. Let d(g) = 1. Let u(i) = 2*d(i) - k(i). What is the units digit of u(-8)?
3
Let g(q) = 102*q + 3. What is the units digit of g(1)?
5
Suppose 2 = -4*r - 10. Let y = r - -21. What is the tens digit of y?
1
What is the units digit of (1744/(-24))/(2/(-3))?
9
Let l be (-12)/4*418/(-6). Suppose 4*p - 3*u = 125, -5*p - 2*u = 70 - l. What is the units digit of p?
9
Let v(i) = 3*i - 1. Let u be v(1). Let d = 20 - u. What is the tens digit of d?
1
Let h(n) = -n**2 - 7*n + 1. Suppose 3*k = -m - 17, -k - k = 4*m + 18. What is the tens digit of h(k)?
1
Let j(n) = -5*n**3 - n**2 - 3*n - 5. What is the tens digit of j(-3)?
3
Let x(v) = v**3 - 7*v**2 + 6*v + 1. Let k be x(6). Let h be (0 - 2) + k - 8. Let f = 21 + h. What is the units digit of f?
2
Suppose -3*b + 2 = -4*k - 17, 7 = -b - 2*k. Suppose -3*f = -2*p + 5, 2*f = p - 2 + b. Suppose 28 = 5*m + o, -4*m - 2*o + 13 = -p. What is the units digit of m?
6
Let v(n) = 1 - n**2 - n - 2*n + 5*n. Let o = 26 - 24. What is the units digit of v(o)?
1
Suppose -3*t - k + 562 = 0, 5*k + 637 + 144 = 4*t. What is the hundreds digit of t?
1
Let d = 29 + -27. Suppose 2*l = -2*b + 24, 4 = d*l + b - 18. What is the units digit of l?
0
Suppose -5*z = -3*r + 599, 5*r - 218 = 4*r - 2*z. What is the units digit of r?
8
Let r(x) = -x - 16*x**3 + x**2 + 1 + 0 - 2. What is the units digit of r(-1)?
7
Let i be 2 + 0 - 2*-2. Let q(h) = h**3 - 5*h**2 - 5*h - 3. Let s be q(i). Suppose 0*c + 4*m = -s*c + 36, -5*m - 17 = -4*c. What is the units digit of c?
8
Suppose 4*g + 0*w + 4*w = 32, 3*g - w = 40. Suppose -3*s - s + g = 0. Suppose 3*l = 33 - s. What is the units digit of l?
0
Let u(p) = p + 14. Let l be u(-10). Suppose l*t + 4*q - 96 = 0, -3*t - q = -42 - 34. What is the units digit of t?
6
Let q(f) = -3*f - 4. Let n be q(4). Let k = n - -25. What is the units digit of k?
9
Let b(m) = m**3 + m**2 + m + 1. Let x be b(0). Let n = 17 - x. Suppose -d - 30 = -2*i + 3*d, -3*d - n = -i. What is the units digit of i?
3
Let i(z) = 2*z**2 - z - 10. Let b be i(7). Suppose 4*g = 7*g - b. What is the tens digit of g?
2
Let t be 3306/33 - (-4)/(-22). Suppose -3*d + 73 = -5*w, -5*d - 2*w + t = -6*w. Suppose -3*m + 25 = 4*i, d = 4*m + 2*i - 4. What is the units digit of m?
3
Suppose -m + 92 = 4*b, 0 = -m + 3 + 1. What is the units digit of b?
2
Let m be 2*((-15)/2)/(-3). Suppose 0 = m*s + 3*a + a - 12, 4*a = -3*s + 12. Suppose -2*f + 19 - 3 = s. What is the units digit of f?
8
Suppose 5*v - 74 = -5*u + 16, -3*v + 48 = u. What is the tens digit of v?
1
What is the hundreds digit of -6 + 175/30 + 2402/12?
2
Let b(k) = -2*k - 5. What is the units digit of b(-3)?
1
Let i be (4/(-5))/((-4)/(-20)). Let f = -4 - i. Suppose 5*l - 2*l - 3*b - 57 = f, 3*b = 5*l - 95. What is the units digit of l?
9
Let w = -2 + 7. Suppose -3*y - 147 = -5*k, w*y + 0*y + 85 = 3*k. What is the units digit of k?
0
Let f(j) = 2*j**2 - 3*j - 3. Let c be f(3). Let g(p) = p**2 - 2*p + p + c*p**2. What is the units digit of g(1)?
6
Let q(i) = i**2 - 6*i - 3. Let n(k) = 5*k**3 - k**2 + 1. Let m be n(1). Suppose g + 28 = m*g. What is the units digit of q(g)?
4
Suppose 5*w = 4*n + 7, 5 = -4*n + 4*w - 3. Let u = n + 7. What is the units digit of (-81)/(-6) - 2/u?
3
What is the units digit of (2 + 17)/((-1)/(-2))?
8
Suppose -2*c - 5*n = 2*c, 4*c = -4*n. Let v(p) = -p**3 + 5*p**2 + 3*p - 3. Let a be v(4). Suppose 3*t + 2*t - a = c. What is the units digit of t?
5
What is the hundreds digit of (84/(-20))/((-3)/120)?
1
Suppose -19 - 45 = -2*x. What is the tens digit of x?
3
What is the tens digit of ((-63)/(-2))/(1/2)?
6
Let t = -18 + 170. What is the hundreds digit of t?
1
Let y = -9 + 9. Suppose h - 23 + 1 = y. What is the units digit of h?
2
Let t(p) = -p - 2. Let q = 0 - 3. Let x be t(q). Let o(d) = 3*d**3 - 2*d**2 + d. What is the units digit of o(x)?
2
What is the tens digit of 159 - (-3 - 4/(-2))*-2?
5
Suppose 2*u = 5*i + 32, -4*u + 3*i + 28 = 2*i. Suppose -u*w = -2*w - 84. Suppose 2*o + o - w = 0. What is the units digit of o?
7
Suppose -v = s - 155, 4*s - 607 + 2 = v. What is the tens digit of s?
5
Let i = 249 + -171. What is the units digit of i?
8
Suppose 0 = -3*d - v + 41, 2*d - 41 + 7 = -2*v. What is the units digit of d?
2
Suppose 73 = 4*s - 43. Let t = s - 2. What is the tens digit of t?
2
Suppose -2*y = -4*w + 3*y - 25, -w - 2*y = -10. Let i = w - -15. What is the tens digit of i?
1
Let g = 5 + -14. Let u = 9 - 2. What is the units digit of (-2)/u - g/7?
1
Suppose -10 = -5*q - 0*q + 5*k, 3*k = -2*q + 4. What is the tens digit of (-14 + q)/(-1) + -1?
1
Let b be (-8)/(-28) - 12/(-7). Suppose 0 = -j + 9 - b. What is the units digit of j?
7
What is the units digit of (0 - -11) + (-2)/(-2)?
2
Suppose -4 = -2*d - 4*b, -24 = -5*d - 3*b + 7*b. Let t be (-2)/6 - (-30)/9. Suppose -4*g = -3*c - 2*c + 13, -29 = -d*c - t*g. What is the units digit of c?
5
Suppose 5*m = -0*m + 35. Suppose 17 = 2*n + 3*j - 8, n = 5*j - m. What is the units digit of n?
8
What is the tens digit of (-2 + (-33)/(-6))*14?
4
Suppose -41 = -0*r - r. What is the tens digit of r?
4
Let r be 9 + (-1 - 0) + -1. What is the units digit of (-1)/((-1)/r) - 2?
5
Let v(r) = r - 2. Let y be v(-4). Let f(z) = -z**3 - 7*z**2 - 7*z - 9. Let c be f(y). What is the tens digit of c/(-7) - 102/(-7)?
1
Suppose -3*u + 4*b - 22 = -8*u, -b + 16 = 3*u. What is the units digit of (-85)/(-6) + (-1)/u?
4
Let j(k) = k**3 - 8*k**2 + 14*k - 11. What is the units digit of j(7)?
8
Let i(w) = -5*w**2. Let o be i(1). Let t be (-23)/o + 2/5. Let h = t - -1. What is the units digit of h?
6
Let p be (2 - (-15)/(-12))*4. Let y(o) = 2*o**2 - 3. Let c be y(p). Suppose -4*f = f - c. What is the units digit of f?
3
Let c = 10 - 6. Suppose -14 + 6 = c*i. What is the units digit of i/7 + (-255)/(-35)?
7
Suppose 0 = -5*l - 0*l - 30. Let d(m) = -m**2 + m - 2. Let r be d(5). What is the units digit of (-48)/r + l/33?
2
Let s(k) = -k**3 + 6*k**2 - 4*k - 2. Let c = 8 - 2. Let a(h) = h**3 - 7*h**2 + 6*h + 5. Let w be a(c). What is the units digit of s(w)?
3
Let v = -80 - -310. Suppose 0 = -5*j - 2*a - 3*a + v, -20 = -4*a. What is the tens digit of j?
4
Let p = 54 + -14. What is the tens digit of p?
4
Let t(r) = -r**3 + 8*r**2 - 7*r + 2. Let n be t(7). Let x be -1*5*n/(-5). Suppose x*l = -2*l + 4. What is the units digit of l?
1
Let x = -102 + 148. What is the units digit of x?
6
Let q = -2 + 2. Suppose 5*z + 21 = -q*h - 2*h, 2*h + 4*z = -16. Suppose -3*g - 1 = 5*y - 3, -h*y - 46 = -4*g. What is the units digit of g?
9
Suppose -30 = 6*n - n. Let o(v) = -v**3 - 6*v**2 + 3. What is the units digit of o(n)?
3
Suppose -388 + 153 = 5*h. Let b = -27 - h. What is the tens digit of b?
2
Let n(i) = -7*i - 8. What is the units digit of n(-12)?
6
Let j(z) = z**3 + 7*z**2 - 13*z - 11. What is the units digit of j(-8)?
9
Let n(p) = 54*p + 6. What is the hundreds digit of n(2)?
1
Suppose 2*v = 5*f - 8, f + 2*v - 3 = -11. Suppose f = 3*i - 9*i + 108. What is the units digit of i?
8
Let v be ((-10)/4 - -3)*12. Suppose 505 = 2*p + 3*p. What is the tens digit of p/9 - v/27?
1
Let j(r) = 30*r**2 - r + 1. What is the units digit of j(1)?
0
Suppose 3*a + 36 = 3*m, -a - 10 = -3*m + m. Let c = 13 - -22. What is the units digit of (-44)/10*c/a?
1
Let c = 41 - 24. What is the units digit of c?
7
Suppose 10*v - 6*v = 120. What is the units digit of v?
0
Let r = -61 + 115. What is the tens digit of r?
5
Suppose -1 + 7 = 2*a. Suppose a*f - 11 = 7. What is the units digit of f?
6
Suppose j = 2*a -